Let j(z) = z**2 + 3*z - 8. Suppose 0*m - 3*m = 15. List the prime factors of j(m).
2
Let u(l) = -6*l - 2. Let j be u(-6). Suppose -j = -q + 6. Suppose n + 11 = q. What are the prime factors of n?
29
Let p be (-2236)/8 + 3/2. Let o = p + 1633. What are the prime factors of o/65 - 2/(-13)?
3, 7
Let a = 27 - 32. What are the prime factors of (21/(-6))/(a/170)?
7, 17
Let m = 820 - -36. What are the prime factors of m?
2, 107
Suppose 2*a + 4*l - 2100 = 0, -5*a + l + 5256 = 5*l. What are the prime factors of a?
2, 263
Let q = 6 - 4. Suppose -4*z = -q*z - 14. Suppose -z - 13 = -5*i. List the prime factors of i.
2
Let m be 201 - ((-2)/(-3))/((-12)/54). Suppose -8*t + 12*t = m. What are the prime factors of t?
3, 17
Let a = 26 - 22. Suppose -a*w - 3*w = -98. What are the prime factors of w?
2, 7
Suppose 1057 = 2*z - 297. What are the prime factors of z?
677
Let h(u) = 32*u - 2. Let o be h(-4). Let s(l) = -l**3 - 15*l**2 - 11*l + 40. Let w be s(-14). What are the prime factors of w/10 - o/25?
5
Let f(u) = 82*u + 3. List the prime factors of f(4).
331
Let q(k) = -13*k**2 + 17*k - 5. Let j(g) = -6*g**2 + 9*g - 2. Let l(r) = -7*j(r) + 3*q(r). What are the prime factors of l(6)?
5, 7
Let h = 421 + 35. What are the prime factors of h?
2, 3, 19
Suppose -4*s = -4*m + 12, s + 5 - 3 = 2*m. Let x = m - -3. Suppose -x*l + 41 = -3. What are the prime factors of l?
2, 11
List the prime factors of 2*6/(-4) - (-36 + -414).
3, 149
Let j(s) be the second derivative of -s**4/12 - 4*s**3/3 + s**2 - s. Suppose 14 = -4*m - 14. What are the prime factors of j(m)?
3
Let z be (-3 + 4 + -9)/1. Let v = 27 + -14. Let j = v + z. What are the prime factors of j?
5
Let k(t) = 12*t**2 + 61*t - 15. What are the prime factors of k(-9)?
2, 3, 17
Let r = -14 + 41. Let l = r + -27. Suppose n - 9 - 46 = l. List the prime factors of n.
5, 11
Suppose 13*d - 10*d + 18 = 0. Let x = d - -11. List the prime factors of -3 + 37 + (3 - x).
2
Let q = -5 - -1. Let k be (6/(-8))/(1/q). Suppose 90 = k*b + 15. List the prime factors of b.
5
Let b(g) = 6*g**2 + 3*g - 6. Let k be 33/7 + 259/49 + -5. What are the prime factors of b(k)?
3, 53
Suppose w = 4*w - 507. Suppose -18 = 17*n - 23*n. Suppose -n*y = -r + 31, -2*y + w = 4*r - 5*y. What are the prime factors of r?
2, 23
Suppose 4*v = -1 + 9, -4*j - v + 1958 = 0. List the prime factors of j.
3, 163
Let p(a) = -46*a**2 + a - 6. Let z(s) = -91*s**2 + 2*s - 13. Let q(f) = -13*p(f) + 6*z(f). What are the prime factors of q(1)?
3, 17
Let x be (-323)/(-3) - (-24)/(-36). Suppose 0 = -r + 4*g + x, -8 = 2*r - 2*g - 246. What are the prime factors of r?
3, 41
Suppose 5*p + 132 = 3*p. Let i = p + 194. What are the prime factors of i?
2
Let o be ((-40)/24)/(2/(-6)). Suppose 0 = -z + 6*i - i + o, 3*z - i - 1 = 0. Suppose 5*b - 35 = 5*v, 2*v = 5*b - z*v - 38. What are the prime factors of b?
2
Let v = -3112 - -4390. What are the prime factors of v?
2, 3, 71
What are the prime factors of (-7)/49 + (-1961)/(-7)?
2, 5, 7
Suppose 112433 = -t + 30*t. What are the prime factors of t?
3877
Suppose r + 32 - 11 = -2*g, -2*g - 4*r - 24 = 0. List the prime factors of g*(-3 + (-4 - -1)).
2, 3, 5
Suppose -7*s + 4*s = 0. Let g = 4 + s. Suppose -2*u - 3*o = -39, -u + 5*u - g*o - 28 = 0. What are the prime factors of u?
2, 3
Suppose -3086 + 26214 = 7*l. List the prime factors of 1/(-3) + l/21.
157
Let s = 18 - 16. Let o(j) = -10 - 2*j**2 + j**3 - 6*j + 7*j**2 + 2*j + 5*j**s. What are the prime factors of o(-10)?
2, 3, 5
Let v = -155 + 202. List the prime factors of v.
47
Let a = 131 - 66. Let s = 175 - a. What are the prime factors of s?
2, 5, 11
Suppose 5*k - 1865 = -5*s, 3*k = -12 - 0. List the prime factors of s.
13, 29
Suppose 4*d + 75 = -2*v + 1291, 4*d + 3110 = 5*v. What are the prime factors of v?
2, 3, 103
Let i(u) = 59*u + 3. Suppose -27 = 16*k - 25*k. What are the prime factors of i(k)?
2, 3, 5
Let l(t) be the second derivative of 0 - 6*t - 9/2*t**2 + 1/3*t**3. List the prime factors of l(17).
5
List the prime factors of 26/78 + 4409/3.
2, 3, 5, 7
Let h(l) be the first derivative of l**2 + l - 3. List the prime factors of h(6).
13
Let x = 2286 + -657. What are the prime factors of x?
3, 181
Let u = -1268 - -1875. List the prime factors of u.
607
Let k be -1*2 + (4 - -17). Let h = -4 + k. List the prime factors of h.
3, 5
Let p be -2 + 6/3 + 28. Suppose -25*u + 32*u = 0. Suppose -h + 3*h - p = u. List the prime factors of h.
2, 7
Let o = -21 + 13. Let h = o + 12. Suppose h*x - 9*x = -30. List the prime factors of x.
2, 3
Let w(v) = v**2 + 4*v - 2. Let g be w(-5). Suppose -g*m = h + 4*h - 106, -4*m = -4*h + 72. List the prime factors of (42/5)/(8/h).
3, 7
Let m be (-1 - 0)/((-8)/224). Suppose -7*i + m = -119. List the prime factors of 1422/i - 4/(-14).
2, 17
Let s be 2/(-3) - (-88)/6. Let j(t) be the second derivative of t**5/20 - 5*t**4/4 + 7*t**3/3 + 2*t**2 + 74*t. List the prime factors of j(s).
2
Let h be (-7 - -2)/(-1) + -5. Suppose 3*o + 87 - 315 = h. List the prime factors of o.
2, 19
Let u be (5 - 6)*(-6 + 2). Suppose -u*n + 1020 = 2*n. Suppose 8*y - 94 - n = 0. What are the prime factors of y?
3, 11
Let g(s) = -128*s**2 + 13*s + 2. Let n(j) = -64*j**2 + 6*j + 1. Let x(f) = 2*g(f) - 5*n(f). List the prime factors of x(-2).
263
Suppose 2*y = -v + 8, 2*y - 4*v = -2*y + 16. Suppose 3*b + z - 19 = 0, 0 = -7*b + y*b + 5*z + 13. List the prime factors of b/(-4) - (-253)/22.
2, 5
Let m(b) = b**3 - 7*b**2 + 11*b - 1. Let f be m(5). Suppose 6*c + f*g = c + 295, 3*g = 5*c - 330. What are the prime factors of c?
3, 7
Suppose 2720 = 16*a - 4608. What are the prime factors of a?
2, 229
Let l be 16/48 + 26/3. Let h be 6/l*(-54)/(-4). Suppose 0 = 3*b - 3*u - h, u - 15 - 14 = -3*b. What are the prime factors of b?
2
Let u(b) = -3*b**3 - 2*b**2 + b - 1. Let c be u(-3). Suppose h - t = c, -177 = -3*h - 6*t + t. List the prime factors of h.
59
Let b(p) = 15*p + 5. Let r(d) = d. Let o(n) = -b(n) + 20*r(n). Let x be (-2 + -1)*(-4 - -1). What are the prime factors of o(x)?
2, 5
Suppose -22431 = -25*i + 8819. What are the prime factors of i?
2, 5
Suppose -2*p = -4*a + 6*a + 66, 3*p + 2*a + 104 = 0. Let z = 144 + p. List the prime factors of z.
2, 53
Let h(j) = j**3 + 4*j**2 + 3*j + 1. Let p be h(-2). Suppose -3*m - 5*y + 88 = 0, 62 = 2*m + y + p*y. List the prime factors of m.
3, 7
Let g = 283 + -179. List the prime factors of g.
2, 13
Let f(k) = -766*k - 211. What are the prime factors of f(-3)?
2087
Suppose 3*j + 12 = -j. Let b be j/12 + 36/16. Suppose b*s - 55 = -3*i, -i + 26 = s - 0*s. List the prime factors of s.
23
What are the prime factors of 175/(-70) + (-261)/(-2)?
2
Suppose 14 = 4*y + 110. Let c = 131 + y. What are the prime factors of c?
107
Let j = 423 + -290. What are the prime factors of j?
7, 19
Let a be -7 - -2*(-6)/(-4). Let j be 0/(a/(-4)*-1). Suppose -2*w + 56 = -j*w. List the prime factors of w.
2, 7
Let r(h) be the first derivative of -h**5/20 + 5*h**4/12 - h**3/2 + 2*h**2 + 2*h + 5. Let w(a) be the first derivative of r(a). List the prime factors of w(3).
13
Suppose -2*l + 3*c = -2441, -3*l + 2*l - 3*c = -1234. List the prime factors of l.
5, 7
Let r(w) = -w**2 + 7*w + 4. Let l be r(7). Suppose l*h + 0*h = -x + 165, -15 = -3*x. What are the prime factors of h?
2, 5
Let a = 281 + -247. What are the prime factors of a?
2, 17
Suppose 5*b - 14 = 4*n, -n - 3*b - 1 = -6. What are the prime factors of 16*(66/8 + n)?
2, 29
Let p(h) = -6*h**2 + 3*h + h**3 - h**2 - 31 + 26. List the prime factors of p(7).
2
Let o be (1 - -1) + (-1)/((-1)/(-423)). Let i = -264 - o. List the prime factors of i.
157
Let j(a) = -109*a - 64. Let n be j(-11). Suppose 10*v - 15*v = -n. List the prime factors of v.
227
Suppose 3*o - o = 4*x, o - 4*x = -2. Suppose 4*m - 8 = -4*f, 5*m + o*f = -0*f + 16. What are the prime factors of m?
2
Let t = 5533 - 549. List the prime factors of t.
2, 7, 89
Suppose 2*v + 1774 = 2*y, -2*v + v - 4435 = -5*y. List the prime factors of y.
887
Suppose -242*m = -257*m + 14220. List the prime factors of m.
2, 3, 79
List the prime factors of -3 + 4 + (592 - 1).
2, 37
Let h = 8 + -3. Suppose -h*f + 286 = 4*y - 71, 2*y - 69 = -f. List the prime factors of f.
73
Suppose -2*c = -c - 68. List the prime factors of c/476 + 726/14 + 0.
2, 13
List the prime factors of (-1*(-102